{"id":19,"date":"2023-11-08T19:23:24","date_gmt":"2023-11-08T18:23:24","guid":{"rendered":"http:\/\/www.radretter.at\/?page_id=19"},"modified":"2024-10-22T08:03:37","modified_gmt":"2024-10-22T06:03:37","slug":"unsere-dienstleistungen","status":"publish","type":"page","link":"https:\/\/www.radretter.at\/?page_id=19","title":{"rendered":"Unsere Dienstleistungen"},"content":{"rendered":"\n<p>Reifen platt? Kette gerissen? Rundum-Check n\u00f6tig? In unserer Werkstatt bieten wir professionellen Service f\u00fcr Ihr Fahrrad. Wir f\u00fchren&nbsp;<strong>alle g\u00e4ngigen Reparaturen<\/strong>&nbsp;durch und bringen sowohl Ihr klassisches <strong>Fahrrad<\/strong> als auch Ihr hochwertiges<strong> Mountainbike<\/strong>, <strong>Rennrad <\/strong>oder <strong>E-Bike<\/strong> wieder auf die Stra\u00dfe. Unser Zweiradmechaniker&nbsp;<strong>repariert s\u00e4mtliche Sch\u00e4den und Verschlei\u00dferscheinungen kompetent und zuverl\u00e4ssig.<\/strong><\/p>\n\n\n\n<p><\/p>\n\n\n\n<p><strong>Kleine Inspektion<\/strong> <\/p>\n\n\n\n<ul class=\"wp-block-list\">\n<li>Kontrolle des Rades auf Verkehrst\u00fcchtigkeit<\/li>\n\n\n\n<li>Kontrolle der Komponenten (Bremsen,Antrieb,Lager)<\/li>\n\n\n\n<li>Kostenvoranschlag f\u00fcr Reparaturen<\/li>\n<\/ul>\n\n\n\n<p>Kosten 35\u20ac <\/p>\n\n\n\n<p><strong>Kleines Service<\/strong><\/p>\n\n\n\n<ul class=\"wp-block-list\">\n<li>Schrauben am Lenker \/ Vorbau \/ Sattelst\u00fctze \/ Bremsen \/ Kurbel \u00fcberpr\u00fcfen und gegebenenfalls justieren<\/li>\n\n\n\n<li>Pedale korrekt anziehen<\/li>\n\n\n\n<li>Steuersatz pr\u00fcfen und justieren<\/li>\n\n\n\n<li>Schaltung und Umwerfer \u00fcberpr\u00fcfen inkl. Justierung<\/li>\n\n\n\n<li>Bremsen \u00fcberpr\u00fcfen inkl. Justierung<\/li>\n\n\n\n<li>Laufr\u00e4der \/ Schnellspanner \u00fcberpr\u00fcfen<\/li>\n\n\n\n<li>Luftdruck \u00fcberpr\u00fcfen und gegebenfalls korrigieren<\/li>\n\n\n\n<li>Beleuchtung \u00fcberpr\u00fcfen<\/li>\n\n\n\n<li>Rahmen &amp; Gabel optisch auf Besch\u00e4digung pr\u00fcfen<\/li>\n\n\n\n<li>Kettenpr\u00fcfung (ohne Wechsel)<\/li>\n\n\n\n<li>Ketten und Leitrollen pr\u00fcfen,schmieren<\/li>\n\n\n\n<li>Kontrolle der Seil-\/BowdenZ\u00fcge <\/li>\n\n\n\n<li>Reifen auf Besch\u00e4digung \u00fcberpr\u00fcfen<\/li>\n\n\n\n<li>Tretlager pr\u00fcfen<\/li>\n\n\n\n<li>Probefahrt<\/li>\n<\/ul>\n\n\n\n<p>Kosten: 85\u20ac exkl. Material und Sonderarbeiten<\/p>\n\n\n\n<p><strong>Das ALL-IN Service Packet<\/strong><\/p>\n\n\n\n<p><strong>Unsere Empfehlung f\u00fcr die j\u00e4hrliche Wartung!<\/strong><\/p>\n\n\n\n<ul class=\"wp-block-list\">\n<li>Grundreinigung vom kompletten Rad<\/li>\n\n\n\n<li>Schrauben am Lenker \/ Vorbau \/ Sattelst\u00fctze \/ Bremsen \/ Kurbel \u00fcberpr\u00fcfen und gegebenenfalls justieren<\/li>\n\n\n\n<li>Pedale korrekt anziehen<\/li>\n\n\n\n<li>Steuersatz pr\u00fcfen und justieren<\/li>\n\n\n\n<li>Schaltung und Umwerfer \u00fcberpr\u00fcfen inkl. Justierung<\/li>\n\n\n\n<li>Bremsen \u00fcberpr\u00fcfen inkl. Justierung<\/li>\n\n\n\n<li>Bremsscheiben und Bel\u00e4ge kontrollieren &amp; korrekt anziehen<\/li>\n\n\n\n<li>Laufr\u00e4der \/ Schnellspanner \u00fcberpr\u00fcfen<\/li>\n\n\n\n<li>Luftdruck \u00fcberpr\u00fcfen und gegebenfalls korrigieren<\/li>\n\n\n\n<li>Beleuchtung \u00fcberpr\u00fcfen<\/li>\n\n\n\n<li>Rahmen &amp; Gabel optisch auf Besch\u00e4digung pr\u00fcfen<\/li>\n\n\n\n<li>Kettenpr\u00fcfung (ohne Wechsel)<\/li>\n\n\n\n<li>Ketten und Leitrollen pr\u00fcfen,schmieren<\/li>\n\n\n\n<li>Kontrolle der Seil-\/BowdenZ\u00fcge <\/li>\n\n\n\n<li>Reifen auf Besch\u00e4digung \u00fcberpr\u00fcfen<\/li>\n\n\n\n<li>Tretlager pr\u00fcfen<\/li>\n\n\n\n<li>Felgen zentrieren im Pr\u00e4zisions-Zentrierst\u00e4nder<\/li>\n\n\n\n<li>Reinigung Schaltkomponenten<\/li>\n\n\n\n<li>Kontrolle der Gabel\/D\u00e4mpfer<\/li>\n\n\n\n<li>De-\/Montage von Kette, Kurbelgarnitur, Schaltwerk und Werfer mit Spezialreiniger per Hand<\/li>\n\n\n\n<li>Probefahrt<\/li>\n<\/ul>\n\n\n\n<p>Kosten: 139\u20ac exkl. Material und Sonderarbeiten<\/p>\n\n\n\n<p><strong>E-Bike Service<\/strong><\/p>\n\n\n\n<p><strong>Unsere Empfehlung f\u00fcr die j\u00e4hrliche Wartung!<\/strong><\/p>\n\n\n\n<ul class=\"wp-block-list\">\n<li>Update der Firmware <\/li>\n\n\n\n<li>Pr\u00fcfung des Speedsensors<\/li>\n\n\n\n<li>\u00dcberpr\u00fcfung und Reinigung der Steckverbindungen<\/li>\n\n\n\n<li>\u00dcberpr\u00fcfung Display, Akku und Antrieb<\/li>\n\n\n\n<li>Diagnose des Motormanagement (Bosch)<\/li>\n\n\n\n<li>Kontrolle der Akkuverriegelung<\/li>\n\n\n\n<li>Bericht f\u00fcr Bosch Antriebe<\/li>\n\n\n\n<li>Schrauben am Lenker \/ Vorbau \/ Sattelst\u00fctze \/ Bremsen \/ Kurbel \u00fcberpr\u00fcfen und gegebenenfalls justieren<\/li>\n\n\n\n<li>Pedale korrekt anziehen<\/li>\n\n\n\n<li>Steuersatz pr\u00fcfen und justieren<\/li>\n\n\n\n<li>Schaltung und Umwerfer \u00fcberpr\u00fcfen inkl. Justierung<\/li>\n\n\n\n<li>Bremsscheiben korrekt anziehen<\/li>\n\n\n\n<li>Bremsen \u00fcberpr\u00fcfen inkl. Justierung<\/li>\n\n\n\n<li>Laufr\u00e4der \/ Schnellspanner \u00fcberpr\u00fcfen<\/li>\n\n\n\n<li>Luftdruck \u00fcberpr\u00fcfen und gegebenfalls korrigieren<\/li>\n\n\n\n<li>Beleuchtung \u00fcberpr\u00fcfen<\/li>\n\n\n\n<li>Rahmen &amp; Gabel optisch auf Besch\u00e4digung pr\u00fcfen<\/li>\n\n\n\n<li>Kettenpr\u00fcfung (ohne Wechsel)<\/li>\n\n\n\n<li>Ketten und Leitrollen pr\u00fcfen,schmieren<\/li>\n\n\n\n<li>Kontrolle der Seil-\/BowdenZ\u00fcge <\/li>\n\n\n\n<li>Reifen auf Besch\u00e4digung \u00fcberpr\u00fcfen<\/li>\n\n\n\n<li>Tretlager pr\u00fcfen<\/li>\n\n\n\n<li>Kontrolle der Gabel\/D\u00e4mpfer<\/li>\n\n\n\n<li>De-\/Montage von Kette, Kurbelgarnitur, Schaltwerk und Werfer mit Spezialreiniger per Hand<\/li>\n\n\n\n<li>Probefahrt<\/li>\n<\/ul>\n\n\n\n<p>Kosten: 189\u20ac exkl. Material und Sonderarbeiten<\/p>\n\n\n\n<p>Reinigung stark verschmutzte R\u00e4der 10\u20ac<\/p>\n\n\n\n<p>Rahmen polieren und versiegeln 15 \u20ac<\/p>\n\n\n\n<p>Anfahrt \/ Abholung der R\u00e4der bei Reparaturen unter 50\u20ac werden mit 10\u20ac in Rechnung gestellt<\/p>\n\n\n\n<p>Arbeiten, die nicht auf dieser Liste aufgef\u00fchrt sind, werden nach tats\u00e4chlichem Aufwand verrechnet<\/p>\n","protected":false},"excerpt":{"rendered":"<p>Reifen platt? Kette gerissen? Rundum-Check n\u00f6tig? In unserer Werkstatt bieten wir professionellen Service f\u00fcr Ihr Fahrrad. Wir f\u00fchren&nbsp;alle g\u00e4ngigen Reparaturen&nbsp;durch und bringen sowohl Ihr klassisches Fahrrad als auch Ihr hochwertiges Mountainbike, Rennrad oder E-Bike wieder auf die Stra\u00dfe. Unser Zweiradmechaniker&nbsp;repariert s\u00e4mtliche Sch\u00e4den und Verschlei\u00dferscheinungen kompetent und zuverl\u00e4ssig. Kleine Inspektion Kosten [&hellip;]<\/p>\n","protected":false},"author":1,"featured_media":0,"parent":0,"menu_order":0,"comment_status":"closed","ping_status":"closed","template":"","meta":{"om_disable_all_campaigns":false,"footnotes":""},"class_list":["post-19","page","type-page","status-publish","hentry"],"aioseo_notices":[],"jetpack_sharing_enabled":true,"_links":{"self":[{"href":"https:\/\/www.radretter.at\/index.php?rest_route=\/wp\/v2\/pages\/19","targetHints":{"allow":["GET"]}}],"collection":[{"href":"https:\/\/www.radretter.at\/index.php?rest_route=\/wp\/v2\/pages"}],"about":[{"href":"https:\/\/www.radretter.at\/index.php?rest_route=\/wp\/v2\/types\/page"}],"author":[{"embeddable":true,"href":"https:\/\/www.radretter.at\/index.php?rest_route=\/wp\/v2\/users\/1"}],"replies":[{"embeddable":true,"href":"https:\/\/www.radretter.at\/index.php?rest_route=%2Fwp%2Fv2%2Fcomments&post=19"}],"version-history":[{"count":16,"href":"https:\/\/www.radretter.at\/index.php?rest_route=\/wp\/v2\/pages\/19\/revisions"}],"predecessor-version":[{"id":110,"href":"https:\/\/www.radretter.at\/index.php?rest_route=\/wp\/v2\/pages\/19\/revisions\/110"}],"wp:attachment":[{"href":"https:\/\/www.radretter.at\/index.php?rest_route=%2Fwp%2Fv2%2Fmedia&parent=19"}],"curies":[{"name":"wp","href":"https:\/\/api.w.org\/{rel}","templated":true}]}}